-13 - 12220213123000?
-12220213123013
In base 13, what is 332 - 1284?
-c52
In base 9, what is -167544 + 11146?
-156387
In base 13, what is -7072 + -106a4?
-17746
In base 6, what is -3 + 145215232?
145215225
In base 12, what is 84bb162 + 1?
84bb163
In base 11, what is -193196 + 376?
-192920
In base 15, what is 170a78 + -5?
170a73
In base 10, what is -40 + 976585?
976545
In base 7, what is 2014146 + -1303?
2012543
In base 11, what is -53801266 + 4?
-53801262
In base 11, what is -79539 - -4488?
-75061
In base 14, what is 23acb50 - a?
23acb44
In base 10, what is 3 + 215696?
215699
In base 3, what is 0 + -11122001010102?
-11122001010102
In base 9, what is -10585670 + 1?
-10585668
In base 6, what is 4450 - 22303?
-13413
In base 11, what is -254901 - -66?
-254846
In base 4, what is -320011 - 213231312?
-220211323
In base 5, what is -20030111 - 130?
-20030241
In base 6, what is -100112304 + -2?
-100112310
In base 13, what is -75 - -19cc?
1957
In base 8, what is -6321413 - -10?
-6321403
In base 4, what is -31131 + -1013100?
-1110231
In base 3, what is 2210021 + 212121002?
222101100
In base 12, what is -354 - 95052?
-953a6
In base 10, what is -15899 - 4193?
-20092
In base 13, what is -14318683 - -5?
-1431867b
In base 6, what is 20240431 - 115?
20240312
In base 12, what is -830b6b2 + -8?
-830b6ba
In base 11, what is 198672 + -12?
198660
In base 9, what is 362 - 82362?
-82000
In base 7, what is 12060435 - 24?
12060411
In base 6, what is 102 + -2341302?
-2341200
In base 15, what is -2d67357 - 6?
-2d6735d
In base 5, what is 341102002 + 21?
341102023
In base 15, what is -213 + 2590?
237c
In base 7, what is 4634512261 - 0?
4634512261
In base 14, what is 6 + 23d792?
23d798
In base 5, what is -33202111 - 2?
-33202113
In base 12, what is -374 + -728839?
-728bb1
In base 2, what is -11001011101 + -1101101?
-11011001010
In base 11, what is -1275a7061 + 5?
-1275a7057
In base 12, what is -193573190 - 0?
-193573190
In base 14, what is -450b8 - 36?
-45110
In base 14, what is 30ad + 3022?
60d1
In base 2, what is 11100100110101101 + 1011110110011?
11110000101100000
In base 14, what is -70 + 5d30?
5ca0
In base 6, what is -223 - 20035510?
-20040133
In base 15, what is -5 + -46ee3a?
-46ee40
In base 5, what is -23100232 - -43?
-23100134
In base 14, what is -1b56 - 42d5?
-604b
In base 3, what is 10211121121210 + -2100?
10211121112110
In base 5, what is -1234433220000 - 4?
-1234433220004
In base 5, what is -2032 - -2140011?
2132424
In base 14, what is 3a54 + 6bb?
4331
In base 2, what is 1000110 - 101100011010100110100100?
-101100011010100101011110
In base 13, what is 9b - -c9800?
c989b
In base 11, what is 2260042 + 10?
2260052
In base 10, what is -1334 - 2606?
-3940
In base 12, what is 391 + 5015?
53a6
In base 4, what is -2133 - -10023200?
10021001
In base 4, what is 0 + 10113003113002?
10113003113002
In base 10, what is -105345449 + -2?
-105345451
In base 2, what is 111000000 - 10101000111010000101?
-10101000110011000101
In base 9, what is -42351 + 801?
-41450
In base 8, what is -1345562462 + 1?
-1345562461
In base 3, what is -11011122 + 1002020211?
221002012
In base 11, what is 53 - -2574094?
2574137
In base 8, what is -10771 - -210433?
177442
In base 2, what is 11001 - 111011111011001110110?
-111011111011001011101
In base 8, what is 3 + -12045616?
-12045613
In base 6, what is -25241045 + -220?
-25241305
In base 14, what is 2012 - 8b8c?
-6b7a
In base 10, what is 26 - -327383?
327409
In base 10, what is -122198 - 1463?
-123661
In base 5, what is 2303 - -1022432242?
1022440100
In base 16, what is -7e454 + 9?
-7e44b
In base 2, what is -11 + -11001111101100110111111?
-11001111101100111000010
In base 10, what is -298753 - 43?
-298796
In base 4, what is 300023 - 10002333?
-3102310
In base 9, what is -276 + 875770?
875483
In base 10, what is -39 - -876152?
876113
In base 15, what is -5317e + 8?
-53176
In base 5, what is -3014004132 - -24?
-3014004103
In base 16, what is -6eba - 9d?
-6f57
In base 5, what is -232223311 + -4?
-232223320
In base 4, what is 20100332 + -10312?
20030020
In base 13, what is -142bc - -23b?
-14081
In base 2, what is 1101101011000101111 - -1110?
1101101011000111101
In base 12, what is -25 - 3b365?
-3b38a
In base 10, what is 4341655 + 84?
4341739
In base 6, what is -13300142120 - -12?
-13300142104
In base 4, what is -12 - 32302200003?
-32302200021
In base 12, what is -3571a116 - -1?
-3571a115
In base 4, what is -101331123111 + -11?
-101331123122
In base 8, what is -242746 + -64?
-243032
In base 16, what is 5 + 72d1fe?
72d203
In base 9, what is 1 + -568312?
-568311
In base 11, what is 3 - 15117a0a?
-15117a07
In base 12, what is 2233684 - -13?
2233697
In base 2, what is 101 + 10110000011011110010111110010?
10110000011011110010111110111
In base 6, what is 414455425 - 2?
414455423
In base 10, what is 5 - 767666?
-767661
In base 4, what is 1 - -20223012233?
20223012300
In base 13, what is 32617 + -1a?
325ca
In base 3, what is 1022122 + 20220010?
22012202
In base 13, what is 2015a8 + 13?
2015bb
In base 6, what is -50 - 55010124?
-55010214
In base 2, what is 11 - -11011011100100100110?
11011011100100101001
In base 15, what is 17c83a - 5?
17c835
In base 7, what is 34 - -52401015?
52401052
In base 2, what is -11000101111 + -11011000111001110?
-11011011111111101
In base 8, what is -12155635 - -66?
-12155547
In base 14, what is b8b7320 + -4?
b8b731a
In base 7, what is -5 - 3445255?
-3445263
In base 4, what is 21233333 + -121011?
21112322
In base 6, what is 2150110 + 311?
2150421
In base 10, what is -969 - -112434?
111465
In base 10, what is -10085410 - 3?
-10085413
In base 9, what is -45252314 - 5?
-45252320
In base 14, what is bb0cc520 - 2?
bb0cc51c
In base 9, what is 610 - -1267845?
1268555
In base 2, what is 1011000001011 + 10101010010?
1101101011101
In base 6, what is 213040553 - 3?
213040550
In base 16, what is -2 + -4293bfb?
-4293bfd
In base 6, what is 4254332350 + 5?
4254332355
In base 5, what is 4 + -201031420?
-201031411
In base 16, what is -273e9 + -2414?
-297fd
In base 11, what is 1 - 1826a745?
-1826a744
In base 15, what is d38697 + -1?
d38696
In base 12, what is 1171969 - 30?
1171939
In base 14, what is -b59ba + -80?
-b5a5a
In base 4, what is 1222030331 - 110?
1222030221
In base 7, what is 5123015 + 522?
5123540
In base 13, what is 4 - 1395a7?
-1395a3
In base 13, what is -2 - -13363c?
13363a
In base 3, what is 20100 + 1222020122?
1222110222
In base 4, what is 1211 - -320122?
321333
In base 12, what is 882 - 10657?
-b995
In base 7, what is -416 + 635446?
635030
In base 6, what is 5100 - 31001?
-21501
In base 16, what is -9cd87 - 23?
-9cdaa
In base 4, what is 21203 + 12312133?
13000002
In base 9, what is 758624 - 78?
758535
In base 3, what is 21202 - 112100201?
-112001222
In base 16, what is 7829 - -cdc?
8505
In base 4, what is -1320120 + 110231?
-1203223
In base 7, what is -36544351 - 15?
-36544366
In base 9, what is 1736518 - -2?
1736521
In base 5, what is 104001 - -11340?
120341
In base 13, what is -cb13 - -2185?
-a95b
In base 12, what is -83 - -b64a6?
b6423
In base 12, what is 4291316 + 3b?
4291355
In base 13, what is 10648 + 494?
10b0c
In base 16, what is 8f563 + 59?
8f5bc
In base 4, what is 320200110 - -101?
320200211
In base 9, what is 2 - -2840640?
2840642
In base 5, what is -10 + -10424012030?
-10424012040
In base 5, what is 1441240322 + -21?
1441240301
In base 16, what is 1bf + 45b9a?
45d59
In base 15, what is -6 - -1b985?
1b97e
In base 7, what is 63 + -10256435?
-10256342
In base 7, what is -365232 + 64?
-365135
In base 3, what is 102 + -2202011010121111?
-2202011010121002
In base 2, what is 101 + -1100010111111001110101110110?
-1100010111111001110101110001
In base 13, what is -1955 - 733?
-2388
In base 16, what is -16009 - -d?
-15ffc
In base 4, what is 10 + 11130133232122?
11130133232132
In base 16, what is d + -451d3?
-451c6
In base 10, what is 36 - -173446?
173482
In base 2, what is -1101100100111110100010001 + -101?
-1101100100111110100010110
In base 2, what is 10010010 + -11100010000010?
-11011111110000
In base 7, what is -243465436 + -4?
-243465443
In base 16, what is a0 + -a96?
-9f6
In base 12, what is 478486b + -b?
4784860
In base 14, what is 35c0c2 + 0?
35c0c2
In base 4, what is 102100 - -33121?
201221
In base 9, what is 31337 + 8447?
4